{"id":648,"date":"2024-08-01T17:14:44","date_gmt":"2024-08-01T22:14:44","guid":{"rendered":"https:\/\/cacmultimarca.com\/?post_type=product&#038;p=648"},"modified":"2024-08-08T12:18:40","modified_gmt":"2024-08-08T17:18:40","slug":"hfc-1063-kn","status":"publish","type":"product","link":"https:\/\/cacmultimarca.com\/index.php\/producto\/hfc-1063-kn\/","title":{"rendered":"HFC 1063 KN"},"content":{"rendered":"<ul class=\"car-attributes\">\n<li class=\"car_year\">A\u00f1o <strong class=\"text-right\">2023<\/strong><\/li>\n<li class=\"car_make\">Hacer <strong class=\"text-right\">JAC<\/strong><\/li>\n<li class=\"car_model\">Modelo <strong class=\"text-right\">HFC<\/strong><\/li>\n<\/ul>\n<section class=\"elementor-section elementor-inner-section elementor-element elementor-element-df58d0d elementor-section-content-middle elementor-section-boxed elementor-section-height-default elementor-section-height-default\" data-id=\"df58d0d\" data-element_type=\"section\">\n<div class=\"elementor-container elementor-column-gap-default\">\n<div class=\"elementor-column elementor-col-50 elementor-inner-column elementor-element elementor-element-400b41c\" data-id=\"400b41c\" data-element_type=\"column\">\n<div class=\"elementor-widget-wrap elementor-element-populated\">\n<div class=\"elementor-element elementor-element-e112048 elementor-widget elementor-widget-heading\" data-id=\"e112048\" data-element_type=\"widget\" data-widget_type=\"heading.default\">\n<div class=\"elementor-widget-container\">\n<h3 class=\"elementor-heading-title elementor-size-default\">MARCA JAC<\/h3>\n<\/div>\n<\/div>\n<\/div>\n<\/div>\n<\/div>\n<\/section>\n<div class=\"elementor-container elementor-column-gap-default\">\n<div class=\"elementor-column elementor-col-50 elementor-inner-column elementor-element elementor-element-e173fb4\" data-id=\"e173fb4\" data-element_type=\"column\">\n<div class=\"elementor-widget-wrap elementor-element-populated\">\n<div class=\"elementor-element elementor-element-11a97c9 elementor-widget elementor-widget-heading\" data-id=\"11a97c9\" data-element_type=\"widget\" data-widget_type=\"heading.default\">\n<div class=\"elementor-widget-container\">\n<h2 class=\"elementor-heading-title elementor-size-default\">CATEGOR\u00cdA:\u00a0 Cami\u00f3n liviano<\/h2>\n<\/div>\n<\/div>\n<\/div>\n<\/div>\n<\/div>\n<div class=\"elementor-container elementor-column-gap-default\">\n<div class=\"elementor-column elementor-col-50 elementor-inner-column elementor-element elementor-element-a6e199e\" data-id=\"a6e199e\" data-element_type=\"column\">\n<div class=\"elementor-widget-wrap elementor-element-populated\">\n<div class=\"elementor-element elementor-element-aedf252 elementor-widget elementor-widget-heading\" data-id=\"aedf252\" data-element_type=\"widget\" data-widget_type=\"heading.default\">\n<div class=\"elementor-widget-container\">\n<h2 class=\"elementor-heading-title elementor-size-default\">MODELO: HFC 1063 KN<\/h2>\n<\/div>\n<\/div>\n<\/div>\n<\/div>\n<\/div>\n<div class=\"elementor-container elementor-column-gap-default\">\n<div class=\"elementor-column elementor-col-50 elementor-inner-column elementor-element elementor-element-00f2297\" data-id=\"00f2297\" data-element_type=\"column\">\n<div class=\"elementor-widget-wrap elementor-element-populated\">\n<div class=\"elementor-element elementor-element-2c263b9 elementor-widget elementor-widget-heading\" data-id=\"2c263b9\" data-element_type=\"widget\" data-widget_type=\"heading.default\">\n<div class=\"elementor-widget-container\">\n<h2 class=\"elementor-heading-title elementor-size-default\">SISTEMA DE ENFRIAMIENTO: Radiador, Ventilador y Bomba de Agua<\/h2>\n<\/div>\n<\/div>\n<\/div>\n<\/div>\n<\/div>\n<div class=\"elementor-container elementor-column-gap-default\">\n<div class=\"elementor-column elementor-col-50 elementor-inner-column elementor-element elementor-element-a1bd683\" data-id=\"a1bd683\" data-element_type=\"column\">\n<div class=\"elementor-widget-wrap elementor-element-populated\">\n<div class=\"elementor-element elementor-element-ac5b365 elementor-widget elementor-widget-heading\" data-id=\"ac5b365\" data-element_type=\"widget\" data-widget_type=\"heading.default\">\n<div class=\"elementor-widget-container\">\n<h2 class=\"elementor-heading-title elementor-size-default\">MOTOR: 3900 cc<\/h2>\n<\/div>\n<\/div>\n<\/div>\n<\/div>\n<\/div>\n<div class=\"elementor-container elementor-column-gap-default\">\n<div class=\"elementor-column elementor-col-50 elementor-inner-column elementor-element elementor-element-481bb06\" data-id=\"481bb06\" data-element_type=\"column\">\n<div class=\"elementor-widget-wrap elementor-element-populated\">\n<div class=\"elementor-element elementor-element-8ec9c70 elementor-widget elementor-widget-heading\" data-id=\"8ec9c70\" data-element_type=\"widget\" data-widget_type=\"heading.default\">\n<div class=\"elementor-widget-container\">\n<h2 class=\"elementor-heading-title elementor-size-default\">CAPACIDAD DE CARGA: 6 Ton<\/h2>\n<\/div>\n<\/div>\n<\/div>\n<\/div>\n<\/div>\n<div class=\"elementor-container elementor-column-gap-default\">\n<div class=\"elementor-column elementor-col-50 elementor-inner-column elementor-element elementor-element-c3abe8f\" data-id=\"c3abe8f\" data-element_type=\"column\">\n<div class=\"elementor-widget-wrap elementor-element-populated\">\n<div class=\"elementor-element elementor-element-95a1b07 elementor-widget elementor-widget-heading\" data-id=\"95a1b07\" data-element_type=\"widget\" data-widget_type=\"heading.default\">\n<div class=\"elementor-widget-container\">\n<h2 class=\"elementor-heading-title elementor-size-default\">POTENCIA M\u00c1XIMA: 140 HP<\/h2>\n<\/div>\n<\/div>\n<\/div>\n<\/div>\n<\/div>\n<div class=\"elementor-container elementor-column-gap-default\">\n<div class=\"elementor-column elementor-col-50 elementor-inner-column elementor-element elementor-element-531a3b1\" data-id=\"531a3b1\" data-element_type=\"column\">\n<div class=\"elementor-widget-wrap elementor-element-populated\">\n<div class=\"elementor-element elementor-element-33913ac elementor-widget elementor-widget-heading\" data-id=\"33913ac\" data-element_type=\"widget\" data-widget_type=\"heading.default\">\n<div class=\"elementor-widget-container\">\n<h2 class=\"elementor-heading-title elementor-size-default\">COMBUSTIBLE: Diesel<\/h2>\n<\/div>\n<\/div>\n<\/div>\n<\/div>\n<\/div>\n<div class=\"elementor-container elementor-column-gap-default\">\n<div class=\"elementor-column elementor-col-50 elementor-inner-column elementor-element elementor-element-165f743\" data-id=\"165f743\" data-element_type=\"column\">\n<div class=\"elementor-widget-wrap elementor-element-populated\">\n<div class=\"elementor-element elementor-element-d2aaaac elementor-widget elementor-widget-heading\" data-id=\"d2aaaac\" data-element_type=\"widget\" data-widget_type=\"heading.default\">\n<div class=\"elementor-widget-container\">\n<h2 class=\"elementor-heading-title elementor-size-default\">A\u00d1O: 2022<\/h2>\n<\/div>\n<div class=\"stm-tech-infos\">\n<div class=\"stm-tech-title\">\n<div class=\"title h5\"><strong>Engine<\/strong><\/div>\n<\/div>\n<table>\n<tbody>\n<tr>\n<td><span class=\"text-transform heading-font\">N\u00daMERO DE CILINDROS<\/span><\/td>\n<td class=\"text-right\"><span class=\"h6\">4 en L\u00ednea Turbo Intercooler EURO II<\/span><\/td>\n<\/tr>\n<tr>\n<td><span class=\"text-transform heading-font\">MODELO<\/span><\/td>\n<td class=\"text-right\"><span class=\"h6\">CUMMINS EQB140-33<\/span><\/td>\n<\/tr>\n<tr>\n<td><span class=\"text-transform heading-font\">CILINDRADA<\/span><\/td>\n<td class=\"text-right\"><span class=\"h6\">3.900 cc.<\/span><\/td>\n<\/tr>\n<tr>\n<td><span class=\"text-transform heading-font\">POTENCIA MAX:<\/span><\/td>\n<td class=\"text-right\"><span class=\"h6\">140 HP \/ 2500 RPM<\/span><\/td>\n<\/tr>\n<tr>\n<td><span class=\"text-transform heading-font\">SISTEMA DE LUBRICACI\u00d3N:<\/span><\/td>\n<td class=\"text-right\"><span class=\"h6\">Tipo Flujo Total, Bomba de Aceite, Filtro de Aceite, Enfriador<\/span><\/td>\n<\/tr>\n<tr>\n<td><span class=\"text-transform heading-font\">SISTEMA DE ENFRIAMIENTO:<\/span><\/td>\n<td class=\"text-right\"><span class=\"h6\">Radiador, Ventilador y Bomba de Agua<\/span><\/td>\n<\/tr>\n<tr>\n<td><span class=\"text-transform heading-font\">SISTEMA DE INYECCI\u00d3N:<\/span><\/td>\n<td class=\"text-right\"><span class=\"h6\">Bomba de Inyecci\u00f3n Rotativa, Mec\u00e1nica<\/span><\/td>\n<\/tr>\n<tr>\n<td><span class=\"text-transform heading-font\">CAPACIDAD DEL TANQUE:<\/span><\/td>\n<td class=\"text-right\"><span class=\"h6\">26,45 gls.<\/span><\/td>\n<\/tr>\n<\/tbody>\n<\/table>\n<\/div>\n<div class=\"stm-tech-infos\">\n<div class=\"stm-tech-title\">\n<p>&nbsp;<\/p>\n<div class=\"title h5\"><strong>Chasis<\/strong><\/div>\n<\/div>\n<table>\n<tbody>\n<tr>\n<td><span class=\"text-transform heading-font\">FRENOS:<\/span><\/td>\n<td class=\"text-right\"><span class=\"h6\">100% Aire Auto Ajustable, Bloqueador de aire<\/span><\/td>\n<\/tr>\n<tr>\n<td><span class=\"text-transform heading-font\">DIRECCI\u00d3N:<\/span><\/td>\n<td class=\"text-right\"><span class=\"h6\">Hidr\u00e1ulica de Potencia<\/span><\/td>\n<\/tr>\n<tr>\n<td><span class=\"text-transform heading-font\">RADIO MIN. DE GIRO:<\/span><\/td>\n<td class=\"text-right\"><span class=\"h6\">10,50 m.<\/span><\/td>\n<\/tr>\n<tr>\n<td><span class=\"text-transform heading-font\">TAMA\u00d1O DE NEUM\u00c1TICOS:<\/span><\/td>\n<td class=\"text-right\"><span class=\"h6\">215\/ 75 R 17,5 14 PR<\/span><\/td>\n<\/tr>\n<tr>\n<td><span class=\"text-transform heading-font\">SISTEMA EL\u00c9CTRICO:<\/span><\/td>\n<td class=\"text-right\"><span class=\"h6\">2 Baterias 12 Voltios en Paralelo | Alternador 28 Voltios 70 Amp<\/span><\/td>\n<\/tr>\n<tr>\n<td><span class=\"text-transform heading-font\">SUSPENSI\u00d3N DELANTERA:<\/span><\/td>\n<td class=\"text-right\"><span class=\"h6\">Ballestas eje R\u00edgido, Cap. Eje 3000Kg<\/span><\/td>\n<\/tr>\n<tr>\n<td><span class=\"text-transform heading-font\">SUSPENSI\u00d3N TRASERA:<\/span><\/td>\n<td class=\"text-right\"><span class=\"h6\">Ballestas eje R\u00edgido, Cap. Eje 6000Kg<\/span><\/td>\n<\/tr>\n<tr>\n<td><span class=\"text-transform heading-font\">CABINA:<\/span><\/td>\n<td class=\"text-right\"><span class=\"h6\">Nueva Cabina Premium<\/span><\/td>\n<\/tr>\n<tr>\n<td><span class=\"text-transform heading-font\">CAPACIDAD DE ASIENTOS<\/span><\/td>\n<td class=\"text-right\"><span class=\"h6\">2<\/span><\/td>\n<\/tr>\n<tr>\n<td><span class=\"text-transform heading-font\">AMORTIGUADORES:<\/span><\/td>\n<td class=\"text-right\"><span class=\"h6\">Hidr\u00e1ulicos de Doble Acci\u00f3n, Telesc\u00f3picos<\/span><\/td>\n<\/tr>\n<tr>\n<td><span class=\"text-transform heading-font\">EXTRA:<\/span><\/td>\n<td class=\"text-right\"><span class=\"h6\">Radio+Mp3<\/span><\/td>\n<\/tr>\n<\/tbody>\n<\/table>\n<\/div>\n<div class=\"stm-tech-infos\">\n<div class=\"stm-tech-title\">\n<p><i class=\"stm-icon-transmission2\"><\/i><strong>\u00a0<\/strong><\/p>\n<div class=\"title h5\"><strong>Transmisi\u00f3n<\/strong><\/div>\n<\/div>\n<table>\n<tbody>\n<tr>\n<td><span class=\"text-transform heading-font\">SINCRONIZACI\u00d3N:<\/span><\/td>\n<td class=\"text-right\"><span class=\"h6\">1ra a 6ta<\/span><\/td>\n<\/tr>\n<tr>\n<td><span class=\"text-transform heading-font\">TIPO:<\/span><\/td>\n<td class=\"text-right\"><span class=\"h6\">JAC 6 VEL. LC6T55<\/span><\/td>\n<\/tr>\n<tr>\n<td><span class=\"text-transform heading-font\">EMBRAGUE:<\/span><\/td>\n<td class=\"text-right\"><span class=\"h6\">Mixto con Buster-Embrague<\/span><\/td>\n<\/tr>\n<tr>\n<td><span class=\"text-transform heading-font\">RELACI\u00d3N FINAL DEL EJE:<\/span><\/td>\n<td class=\"text-right\"><span class=\"h6\">4,875<\/span><\/td>\n<\/tr>\n<\/tbody>\n<\/table>\n<\/div>\n<\/div>\n<\/div>\n<\/div>\n<\/div>\n","protected":false},"excerpt":{"rendered":"<p>A\u00f1o 2023 Hacer JAC Modelo HFC MARCA JAC CATEGOR\u00cdA:\u00a0 Cami\u00f3n liviano MODELO: HFC 1063 KN SISTEMA DE ENFRIAMIENTO: Radiador, Ventilador y Bomba de Agua MOTOR: 3900 cc CAPACIDAD DE CARGA: 6 Ton POTENCIA M\u00c1XIMA: 140 HP COMBUSTIBLE: Diesel A\u00d1O: 2022 Engine N\u00daMERO DE CILINDROS 4 en L\u00ednea Turbo Intercooler EURO II MODELO CUMMINS EQB140-33 CILINDRADA [&hellip;]<\/p>\n","protected":false},"featured_media":649,"comment_status":"open","ping_status":"closed","template":"","meta":{"_joinchat":[]},"product_brand":[],"product_cat":[25,38],"product_tag":[],"class_list":{"0":"post-648","1":"product","2":"type-product","3":"status-publish","4":"has-post-thumbnail","6":"product_cat-jacmotors","7":"product_cat-livianacamiones","9":"first","10":"instock","11":"shipping-taxable","12":"purchasable","13":"product-type-simple"},"jetpack_sharing_enabled":true,"_links":{"self":[{"href":"https:\/\/cacmultimarca.com\/index.php\/wp-json\/wp\/v2\/product\/648"}],"collection":[{"href":"https:\/\/cacmultimarca.com\/index.php\/wp-json\/wp\/v2\/product"}],"about":[{"href":"https:\/\/cacmultimarca.com\/index.php\/wp-json\/wp\/v2\/types\/product"}],"replies":[{"embeddable":true,"href":"https:\/\/cacmultimarca.com\/index.php\/wp-json\/wp\/v2\/comments?post=648"}],"wp:featuredmedia":[{"embeddable":true,"href":"https:\/\/cacmultimarca.com\/index.php\/wp-json\/wp\/v2\/media\/649"}],"wp:attachment":[{"href":"https:\/\/cacmultimarca.com\/index.php\/wp-json\/wp\/v2\/media?parent=648"}],"wp:term":[{"taxonomy":"product_brand","embeddable":true,"href":"https:\/\/cacmultimarca.com\/index.php\/wp-json\/wp\/v2\/product_brand?post=648"},{"taxonomy":"product_cat","embeddable":true,"href":"https:\/\/cacmultimarca.com\/index.php\/wp-json\/wp\/v2\/product_cat?post=648"},{"taxonomy":"product_tag","embeddable":true,"href":"https:\/\/cacmultimarca.com\/index.php\/wp-json\/wp\/v2\/product_tag?post=648"}],"curies":[{"name":"wp","href":"https:\/\/api.w.org\/{rel}","templated":true}]}}