{"id":645,"date":"2024-08-01T16:59:08","date_gmt":"2024-08-01T21:59:08","guid":{"rendered":"https:\/\/cacmultimarca.com\/?post_type=product&#038;p=645"},"modified":"2024-08-08T11:02:09","modified_gmt":"2024-08-08T16:02:09","slug":"hfc-1050kn-std-cummins-eqb125-33-5ton","status":"publish","type":"product","link":"https:\/\/cacmultimarca.com\/index.php\/producto\/hfc-1050kn-std-cummins-eqb125-33-5ton\/","title":{"rendered":"HFC 1050KN STD CUMMINS EQB125-33 5TON"},"content":{"rendered":"<ul class=\"car-attributes\">\n<li class=\"car_year\">A\u00f1o: <strong class=\"text-right\">2023<\/strong><\/li>\n<li class=\"car_make\">Hacer: <strong class=\"text-right\">JAC<\/strong><\/li>\n<li class=\"car_model\">Modelo: <strong class=\"text-right\">HFC<\/strong><\/li>\n<\/ul>\n<p>FC 1050K es el mejor aliado en transporte urbano, ideal para el transporte de carga livianade hasta 5 toneladas, con el que su Empresa podr\u00e1 tener la productividad que siempre so\u00f1\u00f3, gracias a la econom\u00eda, maniobrabilidad y confort que\u00a0 brinda un veh\u00edculo de las caracter\u00edsticas que solo camiones JAC puede ofrecer. El camion JAC toma la linealidad como su elemento principal de dise\u00f1o, intenta mostrar la caracter\u00edstica de solidez, denota la connotaci\u00f3n \u201cFortaleza\u201d, la impactante insignia \u201cJAC\u201d tiene un efecto met\u00e1lico, muestra un gran estilo. El espacioso parabrisas delantero de los camiones JAC dan amplia visi\u00f3n e incrementa la seguridad de conducci\u00f3n y el sentido de alegr\u00eda, obviamente muestra un estilo supremo. Su motor Cummins de 125 caballos de fuerza a 2800 RPM lo convierten en el l\u00edder en su clase y que todo gran proyecto deber\u00eda tener. Productividad, econom\u00eda y calidad son los adjetivos que mejor describen nuestro producto.<\/p>\n<div class=\"stm-tech-infos\">\n<div class=\"stm-tech-title\">\n<div class=\"title h5\"><strong>Engine<\/strong><\/div>\n<\/div>\n<table>\n<tbody>\n<tr>\n<td><span class=\"text-transform heading-font\">N\u00daMERO DE CILINDROS<\/span><\/td>\n<td class=\"text-right\"><span class=\"h6\">4 en L\u00ednea Turbo Intercooler EURO II<\/span><\/td>\n<\/tr>\n<tr>\n<td><span class=\"text-transform heading-font\">MODELO<\/span><\/td>\n<td class=\"text-right\"><span class=\"h6\">B125-33<\/span><\/td>\n<\/tr>\n<tr>\n<td><span class=\"text-transform heading-font\">CILINDRADA<\/span><\/td>\n<td class=\"text-right\"><span class=\"h6\">3.900 cc.<\/span><\/td>\n<\/tr>\n<tr>\n<td><span class=\"text-transform heading-font\">POTENCIA MAX:<\/span><\/td>\n<td class=\"text-right\"><span class=\"h6\">125 HP \/ 2500 RPM<\/span><\/td>\n<\/tr>\n<tr>\n<td><span class=\"text-transform heading-font\">SISTEMA DE LUBRICACI\u00d3N:<\/span><\/td>\n<td class=\"text-right\"><span class=\"h6\">Tipo Flujo Total, Bomba de Aceite, Filtro de Aceite, Enfriador<\/span><\/td>\n<\/tr>\n<tr>\n<td><span class=\"text-transform heading-font\">SISTEMA DE ENFRIAMIENTO:<\/span><\/td>\n<td class=\"text-right\"><span class=\"h6\">Radiador, Ventilador y Bomba de Agua<\/span><\/td>\n<\/tr>\n<tr>\n<td><span class=\"text-transform heading-font\">SISTEMA DE INYECCI\u00d3N:<\/span><\/td>\n<td class=\"text-right\"><span class=\"h6\">Sistema Electr\u00f3nico COMMON RAIL<\/span><\/td>\n<\/tr>\n<tr>\n<td><span class=\"text-transform heading-font\">CAPACIDAD DEL TANQUE:<\/span><\/td>\n<td class=\"text-right\"><span class=\"h6\">52,91 gls.<\/span><\/td>\n<\/tr>\n<\/tbody>\n<\/table>\n<\/div>\n<div class=\"stm-tech-infos\">\n<div class=\"stm-tech-title\">\n<p>&nbsp;<\/p>\n<div class=\"title h5\"><strong>Chasis<\/strong><\/div>\n<\/div>\n<table>\n<tbody>\n<tr>\n<td><span class=\"text-transform heading-font\">FRENOS:<\/span><\/td>\n<td class=\"text-right\"><span class=\"h6\">100% Aire Auto Ajustable, Bloqueador de aire<\/span><\/td>\n<\/tr>\n<tr>\n<td><span class=\"text-transform heading-font\">DIRECCI\u00d3N:<\/span><\/td>\n<td class=\"text-right\"><span class=\"h6\">Hidr\u00e1ulica de Potencia<\/span><\/td>\n<\/tr>\n<tr>\n<td><span class=\"text-transform heading-font\">RADIO MIN. DE GIRO:<\/span><\/td>\n<td class=\"text-right\"><span class=\"h6\">7 m.<\/span><\/td>\n<\/tr>\n<tr>\n<td><span class=\"text-transform heading-font\">TAMA\u00d1O DE NEUM\u00c1TICOS:<\/span><\/td>\n<td class=\"text-right\"><span class=\"h6\">215\/ 75 R 17,5 14 PR<\/span><\/td>\n<\/tr>\n<tr>\n<td><span class=\"text-transform heading-font\">SISTEMA EL\u00c9CTRICO:<\/span><\/td>\n<td class=\"text-right\"><span class=\"h6\">2 Baterias 12 Voltios en Paralelo | Alternador 28 Voltios 70 Amp<\/span><\/td>\n<\/tr>\n<tr>\n<td><span class=\"text-transform heading-font\">SUSPENSI\u00d3N DELANTERA:<\/span><\/td>\n<td class=\"text-right\"><span class=\"h6\">Ballestas eje R\u00edgido, Cap. Eje 2500Kg<\/span><\/td>\n<\/tr>\n<tr>\n<td><span class=\"text-transform heading-font\">SUSPENSI\u00d3N TRASERA:<\/span><\/td>\n<td class=\"text-right\"><span class=\"h6\">Ballestas eje R\u00edgido, Cap. Eje 6000Kg<\/span><\/td>\n<\/tr>\n<tr>\n<td><span class=\"text-transform heading-font\">CABINA:<\/span><\/td>\n<td class=\"text-right\"><span class=\"h6\">Nueva Cabina Premium<\/span><\/td>\n<\/tr>\n<tr>\n<td><span class=\"text-transform heading-font\">CAPACIDAD DE ASIENTOS<\/span><\/td>\n<td class=\"text-right\"><span class=\"h6\">2<\/span><\/td>\n<\/tr>\n<tr>\n<td><span class=\"text-transform heading-font\">AMORTIGUADORES:<\/span><\/td>\n<td class=\"text-right\"><span class=\"h6\">Hidr\u00e1ulicos de Doble Acci\u00f3n, Telesc\u00f3picos<\/span><\/td>\n<\/tr>\n<tr>\n<td><span class=\"text-transform heading-font\">EXTRA:<\/span><\/td>\n<td class=\"text-right\"><span class=\"h6\">Radio+Mp3<\/span><\/td>\n<\/tr>\n<\/tbody>\n<\/table>\n<\/div>\n<div class=\"stm-tech-infos\">\n<div class=\"stm-tech-title\">\n<p>&nbsp;<\/p>\n<div class=\"title h5\"><strong>Transmisi\u00f3n<\/strong><\/div>\n<\/div>\n<table>\n<tbody>\n<tr>\n<td><span class=\"text-transform heading-font\">SINCRONIZACI\u00d3N:<\/span><\/td>\n<td class=\"text-right\"><span class=\"h6\">1ra a 6ta<\/span><\/td>\n<\/tr>\n<tr>\n<td><span class=\"text-transform heading-font\">TIPO:<\/span><\/td>\n<td class=\"text-right\"><span class=\"h6\">JAC 6 VEL. LC6T55<\/span><\/td>\n<\/tr>\n<tr>\n<td><span class=\"text-transform heading-font\">EMBRAGUE:<\/span><\/td>\n<td class=\"text-right\"><span class=\"h6\">Mixto con Buster-Embrague<\/span><\/td>\n<\/tr>\n<tr>\n<td><span class=\"text-transform heading-font\">RELACI\u00d3N FINAL DEL EJE:<\/span><\/td>\n<td class=\"text-right\"><span class=\"h6\">5,875<\/span><\/td>\n<\/tr>\n<\/tbody>\n<\/table>\n<\/div>\n<p>l cami\u00f3n JAC 1050 de 5.3 toneladas llega y revoluciona la compra de los turbos en el sector porque cuenta con todo el respaldo y el reconocimiento que los camiones JAC han ganado mas la garant\u00eda de los motores Cummins que en los turbos de este tama\u00f1o no se ve\u00eda.<\/p>\n","protected":false},"excerpt":{"rendered":"<p>A\u00f1o: 2023 Hacer: JAC Modelo: HFC FC 1050K es el mejor aliado en transporte urbano, ideal para el transporte de carga livianade hasta 5 toneladas, con el que su Empresa podr\u00e1 tener la productividad que siempre so\u00f1\u00f3, gracias a la econom\u00eda, maniobrabilidad y confort que\u00a0 brinda un veh\u00edculo de las caracter\u00edsticas que solo camiones JAC [&hellip;]<\/p>\n","protected":false},"featured_media":647,"comment_status":"open","ping_status":"closed","template":"","meta":{"_joinchat":[]},"product_brand":[],"product_cat":[25,38],"product_tag":[],"class_list":{"0":"post-645","1":"product","2":"type-product","3":"status-publish","4":"has-post-thumbnail","6":"product_cat-jacmotors","7":"product_cat-livianacamiones","9":"first","10":"instock","11":"shipping-taxable","12":"purchasable","13":"product-type-simple"},"jetpack_sharing_enabled":true,"_links":{"self":[{"href":"https:\/\/cacmultimarca.com\/index.php\/wp-json\/wp\/v2\/product\/645"}],"collection":[{"href":"https:\/\/cacmultimarca.com\/index.php\/wp-json\/wp\/v2\/product"}],"about":[{"href":"https:\/\/cacmultimarca.com\/index.php\/wp-json\/wp\/v2\/types\/product"}],"replies":[{"embeddable":true,"href":"https:\/\/cacmultimarca.com\/index.php\/wp-json\/wp\/v2\/comments?post=645"}],"wp:featuredmedia":[{"embeddable":true,"href":"https:\/\/cacmultimarca.com\/index.php\/wp-json\/wp\/v2\/media\/647"}],"wp:attachment":[{"href":"https:\/\/cacmultimarca.com\/index.php\/wp-json\/wp\/v2\/media?parent=645"}],"wp:term":[{"taxonomy":"product_brand","embeddable":true,"href":"https:\/\/cacmultimarca.com\/index.php\/wp-json\/wp\/v2\/product_brand?post=645"},{"taxonomy":"product_cat","embeddable":true,"href":"https:\/\/cacmultimarca.com\/index.php\/wp-json\/wp\/v2\/product_cat?post=645"},{"taxonomy":"product_tag","embeddable":true,"href":"https:\/\/cacmultimarca.com\/index.php\/wp-json\/wp\/v2\/product_tag?post=645"}],"curies":[{"name":"wp","href":"https:\/\/api.w.org\/{rel}","templated":true}]}}