{"id":643,"date":"2024-08-01T16:49:22","date_gmt":"2024-08-01T21:49:22","guid":{"rendered":"https:\/\/cacmultimarca.com\/?post_type=product&#038;p=643"},"modified":"2024-08-08T11:10:31","modified_gmt":"2024-08-08T16:10:31","slug":"hfc1040kn-a-c-hfc4de1-1b","status":"publish","type":"product","link":"https:\/\/cacmultimarca.com\/index.php\/producto\/hfc1040kn-a-c-hfc4de1-1b\/","title":{"rendered":"HFC1040KN A\/C | HFC4DE1-1B"},"content":{"rendered":"<p><strong>Camiones JAC<\/strong>\u00a0se adapta a tus necesidades ofreciendo una amplia l\u00ednea de veh\u00edculos tipo comercial, iniciando nuestra serie KN con camiones de\u00a0<strong>2.75 toneladas hasta 4.5 toneladas<\/strong>, esta serie de camiones cuentan con un poderoso\u00a0<strong>motor 2.8 turbo diesel intercooler<\/strong>\u00a0y cuenta con una variaci\u00f3n de largos carrozables\u00a0<strong>iniciando en 10 pies hasta 14 pies<\/strong>.<\/p>\n<div class=\"et_pb_column et_pb_column_1_3 et_pb_column_7 et_pb_css_mix_blend_mode_passthrough\">\n<div class=\"et_pb_module et_pb_blurb et_pb_blurb_0 et_pb_text_align_left et_pb_blurb_position_top et_pb_bg_layout_light et_had_animation\">\n<div class=\"et_pb_blurb_content\">\n<div class=\"et_pb_main_blurb_image\"><span class=\"et_pb_image_wrap et_pb_only_image_mode_wrap\"><img fetchpriority=\"high\" decoding=\"async\" class=\"et-waypoint et_pb_animation_top et_pb_animation_top_tablet et_pb_animation_top_phone wp-image-51 et-animated\" src=\"http:\/\/www.motoresjac.com\/wp-content\/uploads\/2022\/04\/motor-1.png\" sizes=\"(max-width: 400px) 100vw, 400px\" srcset=\"https:\/\/www.motoresjac.com\/wp-content\/uploads\/2022\/04\/motor-1.png 400w, https:\/\/www.motoresjac.com\/wp-content\/uploads\/2022\/04\/motor-1-300x300.png 300w, https:\/\/www.motoresjac.com\/wp-content\/uploads\/2022\/04\/motor-1-150x150.png 150w\" alt=\"\" width=\"400\" height=\"400\" \/><\/span><\/div>\n<div class=\"et_pb_blurb_container\">\n<h4 class=\"et_pb_module_header\">Motor<\/h4>\n<div class=\"et_pb_blurb_description\">\n<p>Poderoso motor turbo diesel intercooler HFC4DA1 de 2.8 L que cuenta con\u00a0 4 cilindros en l\u00ednea, que es capaz de desarrollar 92 caballos de fuerza y ofrece un torque m\u00e1ximo de 216 Nm<\/p>\n<\/div>\n<\/div>\n<\/div>\n<\/div>\n<\/div>\n<div class=\"et_pb_column et_pb_column_1_3 et_pb_column_8 et_pb_css_mix_blend_mode_passthrough\">\n<div class=\"et_pb_module et_pb_blurb et_pb_blurb_1 et_pb_text_align_left et_pb_blurb_position_top et_pb_bg_layout_light et_had_animation\">\n<div class=\"et_pb_blurb_content\">\n<div class=\"et_pb_main_blurb_image\"><span class=\"et_pb_image_wrap et_pb_only_image_mode_wrap\"><img decoding=\"async\" class=\"et-waypoint et_pb_animation_top et_pb_animation_top_tablet et_pb_animation_top_phone wp-image-52 et-animated\" src=\"http:\/\/www.motoresjac.com\/wp-content\/uploads\/2022\/04\/radio-1.png\" sizes=\"(max-width: 400px) 100vw, 400px\" srcset=\"https:\/\/www.motoresjac.com\/wp-content\/uploads\/2022\/04\/radio-1.png 400w, https:\/\/www.motoresjac.com\/wp-content\/uploads\/2022\/04\/radio-1-300x300.png 300w, https:\/\/www.motoresjac.com\/wp-content\/uploads\/2022\/04\/radio-1-150x150.png 150w\" alt=\"\" width=\"400\" height=\"400\" \/><\/span><\/div>\n<div class=\"et_pb_blurb_container\">\n<h4 class=\"et_pb_module_header\">Radio con Aux y USB<\/h4>\n<div class=\"et_pb_blurb_description\">\n<p>Radio con entrada auxiliar y conector de USB.<\/p>\n<\/div>\n<\/div>\n<\/div>\n<\/div>\n<\/div>\n<div class=\"et_pb_column et_pb_column_1_3 et_pb_column_9 et_pb_css_mix_blend_mode_passthrough et-last-child\">\n<div class=\"et_pb_module et_pb_blurb et_pb_blurb_2 et_pb_text_align_left et_pb_blurb_position_top et_pb_bg_layout_light et_had_animation\">\n<div class=\"et_pb_blurb_content\">\n<div class=\"et_pb_main_blurb_image\"><span class=\"et_pb_image_wrap et_pb_only_image_mode_wrap\"><img decoding=\"async\" class=\"et-waypoint et_pb_animation_top et_pb_animation_top_tablet et_pb_animation_top_phone wp-image-53 et-animated\" src=\"http:\/\/www.motoresjac.com\/wp-content\/uploads\/2022\/04\/palangana.png\" sizes=\"(max-width: 400px) 100vw, 400px\" srcset=\"https:\/\/www.motoresjac.com\/wp-content\/uploads\/2022\/04\/palangana.png 400w, https:\/\/www.motoresjac.com\/wp-content\/uploads\/2022\/04\/palangana-300x300.png 300w, https:\/\/www.motoresjac.com\/wp-content\/uploads\/2022\/04\/palangana-150x150.png 150w\" alt=\"\" width=\"400\" height=\"400\" \/><\/span><\/div>\n<div class=\"et_pb_blurb_container\">\n<h4 class=\"et_pb_module_header\">Palangana<\/h4>\n<div class=\"et_pb_blurb_description\">\n<p>Este cami\u00f3n te viene con palangana de f\u00e1brica, adem\u00e1s con barandas abatibles, defensas laterales y trasera.<\/p>\n<\/div>\n<\/div>\n<div class=\"et_pb_row et_pb_row_5\">\n<div class=\"et_pb_column et_pb_column_4_4 et_pb_column_10 et_pb_css_mix_blend_mode_passthrough et-last-child\">\n<div class=\"et_pb_module dsm_text_divider dsm_text_divider_0\">\n<div class=\"et_pb_module_inner\">\n<div class=\"dsm-text-divider-wrapper dsm-text-divider-align-left et_pb_bg_layout_light\">\n<h3 class=\"dsm-text-divider-header et_pb_module_header\">DISE\u00d1O<\/h3>\n<\/div>\n<\/div>\n<\/div>\n<\/div>\n<\/div>\n<div class=\"et_pb_row et_pb_row_6\">\n<div class=\"et_pb_column et_pb_column_3_5 et_pb_column_11 et_pb_css_mix_blend_mode_passthrough\">\n<div class=\"et_pb_module et_pb_text et_pb_text_2 et_pb_text_align_justified et_pb_bg_layout_light et_had_animation\">\n<div class=\"et_pb_text_inner\">\n<p>Dise\u00f1os aerodin\u00e1micos elegantes con acabados de lujo pensado en las necesidades de su negocio, en su interior cuenta con c\u00f3modos asientos de tela, compartimentos para objetos en las puertas y en la parte superior del piloto, f\u00e1cil acceso a todos los mandos de instrumentos para la comodidad del conductor y su tripulaci\u00f3n.<\/p>\n<\/div>\n<div class=\"et_pb_row et_pb_row_8\">\n<div class=\"et_pb_column et_pb_column_4_4 et_pb_column_14 et_pb_css_mix_blend_mode_passthrough et-last-child\">\n<div class=\"et_pb_module dsm_text_divider dsm_text_divider_1\">\n<div class=\"et_pb_module_inner\">\n<div class=\"dsm-text-divider-wrapper dsm-text-divider-align-left et_pb_bg_layout_light\">\n<h3 class=\"dsm-text-divider-header et_pb_module_header\">INTERIOR Y TECNOLOG\u00cdA<\/h3>\n<\/div>\n<\/div>\n<\/div>\n<\/div>\n<\/div>\n<div class=\"et_pb_row et_pb_row_9\">\n<div class=\"et_pb_column et_pb_column_1_2 et_pb_column_15 et_pb_css_mix_blend_mode_passthrough\">\n<div class=\"et_pb_module et_pb_text et_pb_text_3 et_pb_text_align_justified et_pb_bg_layout_light et_had_animation\">\n<div class=\"et_pb_text_inner\">\n<p>Los camiones serie KN proporcionan confort y lujo, est\u00e1n equipados con c\u00f3modos y ajustables asientos de tela, lo puedes adquirir con aire acondicionado y en versi\u00f3n est\u00e1ndar,cuenta con vidrios el\u00e9ctricos para el piloto y el copiloto, radio digital con sistema AUX y USB.<\/p>\n<div class=\"et_pb_row et_pb_row_10\">\n<div class=\"et_pb_column et_pb_column_4_4 et_pb_column_17 et_pb_css_mix_blend_mode_passthrough et-last-child\">\n<div class=\"et_pb_module dsm_text_divider dsm_text_divider_2\">\n<div class=\"et_pb_module_inner\">\n<div class=\"dsm-text-divider-wrapper dsm-text-divider-align-left et_pb_bg_layout_light\">\n<h3 class=\"dsm-text-divider-header et_pb_module_header\">DESEMPE\u00d1O<\/h3>\n<\/div>\n<\/div>\n<\/div>\n<\/div>\n<\/div>\n<div class=\"et_pb_row et_pb_row_11\">\n<div class=\"et_pb_column et_pb_column_2_5 et_pb_column_18 et_pb_css_mix_blend_mode_passthrough\">\n<div class=\"et_pb_module et_pb_text et_pb_text_4 et_pb_text_align_justified et_pb_bg_layout_light et_had_animation\">\n<div class=\"et_pb_text_inner\">\n<p>Los camiones serie KN cuentan con un poderoso motor HFC4DA1 de 2.8 L que cuenta con\u00a0 4 cilindros en l\u00ednea, que es capaz de desarrollar 92 caballos de fuerza y ofrece un torque m\u00e1ximo de 216 Nm. cuenta con una transmisi\u00f3n de 5 velocidades m\u00e1s retroceso, todo el tren motriz de nuestros camiones ofrecen una fiabilidad y un alto desempe\u00f1o caracter\u00edstico de nuestra marca.<\/p>\n<div class=\"et_pb_row et_pb_row_12\">\n<div class=\"et_pb_column et_pb_column_4_4 et_pb_column_20 et_pb_css_mix_blend_mode_passthrough et-last-child\">\n<div class=\"et_pb_module dsm_text_divider dsm_text_divider_3\">\n<div class=\"et_pb_module_inner\">\n<div class=\"dsm-text-divider-wrapper dsm-text-divider-align-left et_pb_bg_layout_light\">\n<h3 class=\"dsm-text-divider-header et_pb_module_header\">SUSPENSI\u00d3N<\/h3>\n<\/div>\n<\/div>\n<\/div>\n<\/div>\n<\/div>\n<div class=\"et_pb_row et_pb_row_13\">\n<div class=\"et_pb_column et_pb_column_1_2 et_pb_column_21 et_pb_css_mix_blend_mode_passthrough\">\n<div class=\"et_pb_module et_pb_text et_pb_text_5 et_pb_text_align_justified et_pb_bg_layout_light et_had_animation\">\n<div class=\"et_pb_text_inner\">\n<p>La suspensi\u00f3n de nuestros camiones es caracterizada por una excelente estabilidad y comodidad que ofrece a la tripulaci\u00f3n en cualquier ruta o terreno adem\u00e1s de eso ofrece una excelente durabilidad para el trabajo pesado.<\/p>\n<div class=\"et_pb_row et_pb_row_14\">\n<div class=\"et_pb_column et_pb_column_4_4 et_pb_column_23 et_pb_css_mix_blend_mode_passthrough et-last-child\">\n<div class=\"et_pb_module dsm_text_divider dsm_text_divider_4\">\n<div class=\"et_pb_module_inner\">\n<div class=\"dsm-text-divider-wrapper dsm-text-divider-align-left et_pb_bg_layout_light\">\n<h3 class=\"dsm-text-divider-header et_pb_module_header\">SEGURIDAD<\/h3>\n<\/div>\n<\/div>\n<\/div>\n<\/div>\n<\/div>\n<div class=\"et_pb_row et_pb_row_15\">\n<div class=\"et_pb_column et_pb_column_1_2 et_pb_column_24 et_pb_css_mix_blend_mode_passthrough\">\n<div class=\"et_pb_module et_pb_text et_pb_text_6 et_pb_text_align_justified et_pb_bg_layout_light\">\n<div class=\"et_pb_text_inner\">\n<p>Con los camiones serie KN obtienen un excelente respaldo sin importar el camino, cuentan con sistema de freno de escape, freno de parqueo manual, 2 cinturones de seguridad de 3 puntos y uno de dos puntos, defensas laterales para protecci\u00f3n de los componentes que se encuentran en el chasis y tener un acceso c\u00f3modo a la palangana y parachoques trasero.<\/p>\n<p>&nbsp;<\/p>\n<\/div>\n<\/div>\n<\/div>\n<\/div>\n<\/div>\n<\/div>\n<\/div>\n<\/div>\n<\/div>\n<\/div>\n<\/div>\n<\/div>\n<\/div>\n<\/div>\n<\/div>\n<\/div>\n<\/div>\n<\/div>\n<\/div>\n<\/div>\n<\/div>\n<\/div>\n","protected":false},"excerpt":{"rendered":"<p>Camiones JAC\u00a0se adapta a tus necesidades ofreciendo una amplia l\u00ednea de veh\u00edculos tipo comercial, iniciando nuestra serie KN con camiones de\u00a02.75 toneladas hasta 4.5 toneladas, esta serie de camiones cuentan con un poderoso\u00a0motor 2.8 turbo diesel intercooler\u00a0y cuenta con una variaci\u00f3n de largos carrozables\u00a0iniciando en 10 pies hasta 14 pies. Motor Poderoso motor turbo diesel [&hellip;]<\/p>\n","protected":false},"featured_media":644,"comment_status":"open","ping_status":"closed","template":"","meta":{"_joinchat":[]},"product_brand":[],"product_cat":[25,38],"product_tag":[],"class_list":{"0":"post-643","1":"product","2":"type-product","3":"status-publish","4":"has-post-thumbnail","6":"product_cat-jacmotors","7":"product_cat-livianacamiones","9":"first","10":"instock","11":"shipping-taxable","12":"purchasable","13":"product-type-simple"},"jetpack_sharing_enabled":true,"_links":{"self":[{"href":"https:\/\/cacmultimarca.com\/index.php\/wp-json\/wp\/v2\/product\/643"}],"collection":[{"href":"https:\/\/cacmultimarca.com\/index.php\/wp-json\/wp\/v2\/product"}],"about":[{"href":"https:\/\/cacmultimarca.com\/index.php\/wp-json\/wp\/v2\/types\/product"}],"replies":[{"embeddable":true,"href":"https:\/\/cacmultimarca.com\/index.php\/wp-json\/wp\/v2\/comments?post=643"}],"wp:featuredmedia":[{"embeddable":true,"href":"https:\/\/cacmultimarca.com\/index.php\/wp-json\/wp\/v2\/media\/644"}],"wp:attachment":[{"href":"https:\/\/cacmultimarca.com\/index.php\/wp-json\/wp\/v2\/media?parent=643"}],"wp:term":[{"taxonomy":"product_brand","embeddable":true,"href":"https:\/\/cacmultimarca.com\/index.php\/wp-json\/wp\/v2\/product_brand?post=643"},{"taxonomy":"product_cat","embeddable":true,"href":"https:\/\/cacmultimarca.com\/index.php\/wp-json\/wp\/v2\/product_cat?post=643"},{"taxonomy":"product_tag","embeddable":true,"href":"https:\/\/cacmultimarca.com\/index.php\/wp-json\/wp\/v2\/product_tag?post=643"}],"curies":[{"name":"wp","href":"https:\/\/api.w.org\/{rel}","templated":true}]}}