{"id":637,"date":"2024-07-30T16:51:12","date_gmt":"2024-07-30T21:51:12","guid":{"rendered":"https:\/\/cacmultimarca.com\/?post_type=product&#038;p=637"},"modified":"2024-08-08T11:04:01","modified_gmt":"2024-08-08T16:04:01","slug":"hfc1040kn-std-hfc4de1-1b","status":"publish","type":"product","link":"https:\/\/cacmultimarca.com\/index.php\/producto\/hfc1040kn-std-hfc4de1-1b\/","title":{"rendered":"HFC1040KN STD | HFC4DE1-1B"},"content":{"rendered":"<p>&nbsp;<\/p>\n<p>Motor:<\/p>\n<p>Modelo: JAC HFC4DA1-TC EURO II<br \/>\nNo. de Cilindros: 4 en L\u00ednea Turbo Intercooler<br \/>\nCilindrada: 2.7747 cc.<br \/>\nPotencia Max. (ISO Bruto) NM\/RPM: 145\/3200<br \/>\nTorque Max. (ISO Bruto) Kg-m\/RPM: 320 \/ 1800-3200<br \/>\nSistema de Inyecci\u00f3n:CRDI Inyeccion Electronica<\/p>\n<p>Chasis:<\/p>\n<p>Frenos: Hidr\u00e1ulica<br \/>\nSistema El\u00e9ctrico: 2 baterias 12 voltios, 80 A.h<br \/>\nSUSPENS: BALLESTA delantera y trasera<br \/>\nEje Delantero: capc. 2000kg; Eje trasero: capc. 4000kg<br \/>\nBloqueo central<\/p>\n<p>&nbsp;<\/p>\n<p>Transmision:<\/p>\n<p>Relaci\u00f3n de Transmisi\u00f3n \/ Sincronizaci\u00f3n: 1ra a 5ta + R<br \/>\nEmbrague: placa \u00fanica seca con resorte de diafragma<br \/>\nExtra: Vidrios el\u00e9ctricos<\/p>\n","protected":false},"excerpt":{"rendered":"<p>&nbsp; Motor: Modelo: JAC HFC4DA1-TC EURO II No. de Cilindros: 4 en L\u00ednea Turbo Intercooler Cilindrada: 2.7747 cc. Potencia Max. (ISO Bruto) NM\/RPM: 145\/3200 Torque Max. (ISO Bruto) Kg-m\/RPM: 320 \/ 1800-3200 Sistema de Inyecci\u00f3n:CRDI Inyeccion Electronica Chasis: Frenos: Hidr\u00e1ulica Sistema El\u00e9ctrico: 2 baterias 12 voltios, 80 A.h SUSPENS: BALLESTA delantera y trasera Eje Delantero: [&hellip;]<\/p>\n","protected":false},"featured_media":638,"comment_status":"open","ping_status":"closed","template":"","meta":{"_joinchat":[]},"product_brand":[],"product_cat":[25,38],"product_tag":[],"class_list":{"0":"post-637","1":"product","2":"type-product","3":"status-publish","4":"has-post-thumbnail","6":"product_cat-jacmotors","7":"product_cat-livianacamiones","9":"first","10":"instock","11":"shipping-taxable","12":"purchasable","13":"product-type-simple"},"jetpack_sharing_enabled":true,"_links":{"self":[{"href":"https:\/\/cacmultimarca.com\/index.php\/wp-json\/wp\/v2\/product\/637"}],"collection":[{"href":"https:\/\/cacmultimarca.com\/index.php\/wp-json\/wp\/v2\/product"}],"about":[{"href":"https:\/\/cacmultimarca.com\/index.php\/wp-json\/wp\/v2\/types\/product"}],"replies":[{"embeddable":true,"href":"https:\/\/cacmultimarca.com\/index.php\/wp-json\/wp\/v2\/comments?post=637"}],"wp:featuredmedia":[{"embeddable":true,"href":"https:\/\/cacmultimarca.com\/index.php\/wp-json\/wp\/v2\/media\/638"}],"wp:attachment":[{"href":"https:\/\/cacmultimarca.com\/index.php\/wp-json\/wp\/v2\/media?parent=637"}],"wp:term":[{"taxonomy":"product_brand","embeddable":true,"href":"https:\/\/cacmultimarca.com\/index.php\/wp-json\/wp\/v2\/product_brand?post=637"},{"taxonomy":"product_cat","embeddable":true,"href":"https:\/\/cacmultimarca.com\/index.php\/wp-json\/wp\/v2\/product_cat?post=637"},{"taxonomy":"product_tag","embeddable":true,"href":"https:\/\/cacmultimarca.com\/index.php\/wp-json\/wp\/v2\/product_tag?post=637"}],"curies":[{"name":"wp","href":"https:\/\/api.w.org\/{rel}","templated":true}]}}