{"id":601,"date":"2024-07-29T18:48:17","date_gmt":"2024-07-29T23:48:17","guid":{"rendered":"https:\/\/cacmultimarca.com\/?post_type=product&#038;p=601"},"modified":"2024-08-08T11:04:58","modified_gmt":"2024-08-08T16:04:58","slug":"t9-4x4-inter","status":"publish","type":"product","link":"https:\/\/cacmultimarca.com\/index.php\/producto\/t9-4x4-inter\/","title":{"rendered":"T9 4&#215;4 Inter"},"content":{"rendered":"<table class=\"table table-striped table-sm table-hover\">\n<tbody>\n<tr class=\"collapse show o_ws_category_0\">\n<td>Versiones<\/td>\n<td>Diesel<\/td>\n<\/tr>\n<tr class=\"collapse show o_ws_category_0\">\n<td>Transmisi\u00f3n<\/td>\n<td>Transmisi\u00f3n autom\u00e1tica de 8 velocidades (ZF ALEMANA)<\/td>\n<\/tr>\n<tr class=\"collapse show o_ws_category_0\">\n<td>Tracci\u00f3n<\/td>\n<td>4WD<\/td>\n<\/tr>\n<tr class=\"collapse show o_ws_category_0\">\n<td>Potencia M\u00e1xima<\/td>\n<td>170 HP<\/td>\n<\/tr>\n<tr class=\"collapse show o_ws_category_0\">\n<td>Torque M\u00e1ximo<\/td>\n<td>410<\/td>\n<\/tr>\n<tr class=\"collapse show o_ws_category_0\">\n<td>Cilindrada<\/td>\n<td>2.0CTI<\/td>\n<\/tr>\n<tr class=\"collapse show o_ws_category_0\">\n<td>FRENOS<\/td>\n<td>Hidr\u00e1ulicos, Delantero y posterior de Disco<\/td>\n<\/tr>\n<tr class=\"collapse show o_ws_category_0\">\n<td>Modelo<\/td>\n<td>HFC1037D5K2TST<\/td>\n<\/tr>\n<\/tbody>\n<\/table>\n","protected":false},"excerpt":{"rendered":"<p>Versiones Diesel Transmisi\u00f3n Transmisi\u00f3n autom\u00e1tica de 8 velocidades (ZF ALEMANA) Tracci\u00f3n 4WD Potencia M\u00e1xima 170 HP Torque M\u00e1ximo 410 Cilindrada 2.0CTI FRENOS Hidr\u00e1ulicos, Delantero y posterior de Disco Modelo HFC1037D5K2TST<\/p>\n","protected":false},"featured_media":603,"comment_status":"open","ping_status":"closed","template":"","meta":{"_joinchat":[]},"product_brand":[],"product_cat":[41,25,38],"product_tag":[],"class_list":{"0":"post-601","1":"product","2":"type-product","3":"status-publish","4":"has-post-thumbnail","6":"product_cat-camionetas-t9","7":"product_cat-jacmotors","8":"product_cat-livianacamiones","10":"first","11":"instock","12":"shipping-taxable","13":"purchasable","14":"product-type-simple"},"jetpack_sharing_enabled":true,"_links":{"self":[{"href":"https:\/\/cacmultimarca.com\/index.php\/wp-json\/wp\/v2\/product\/601"}],"collection":[{"href":"https:\/\/cacmultimarca.com\/index.php\/wp-json\/wp\/v2\/product"}],"about":[{"href":"https:\/\/cacmultimarca.com\/index.php\/wp-json\/wp\/v2\/types\/product"}],"replies":[{"embeddable":true,"href":"https:\/\/cacmultimarca.com\/index.php\/wp-json\/wp\/v2\/comments?post=601"}],"wp:featuredmedia":[{"embeddable":true,"href":"https:\/\/cacmultimarca.com\/index.php\/wp-json\/wp\/v2\/media\/603"}],"wp:attachment":[{"href":"https:\/\/cacmultimarca.com\/index.php\/wp-json\/wp\/v2\/media?parent=601"}],"wp:term":[{"taxonomy":"product_brand","embeddable":true,"href":"https:\/\/cacmultimarca.com\/index.php\/wp-json\/wp\/v2\/product_brand?post=601"},{"taxonomy":"product_cat","embeddable":true,"href":"https:\/\/cacmultimarca.com\/index.php\/wp-json\/wp\/v2\/product_cat?post=601"},{"taxonomy":"product_tag","embeddable":true,"href":"https:\/\/cacmultimarca.com\/index.php\/wp-json\/wp\/v2\/product_tag?post=601"}],"curies":[{"name":"wp","href":"https:\/\/api.w.org\/{rel}","templated":true}]}}