{"id":586,"date":"2024-07-29T16:44:38","date_gmt":"2024-07-29T21:44:38","guid":{"rendered":"https:\/\/cacmultimarca.com\/?post_type=product&#038;p=586"},"modified":"2024-08-08T11:05:09","modified_gmt":"2024-08-08T16:05:09","slug":"t8-pro-4x4-inter-diesel","status":"publish","type":"product","link":"https:\/\/cacmultimarca.com\/index.php\/producto\/t8-pro-4x4-inter-diesel\/","title":{"rendered":"T8 PRO 4X4 INTER DIESEL"},"content":{"rendered":"<ul>\n<li>\n<div class=\"list-detail\">\n<p><strong>C\u00f3digo<\/strong>T8-PRO<\/p>\n<\/div>\n<\/li>\n<li>\n<div class=\"list-detail\">\n<p><strong>A\u00f1o<\/strong>2024<\/p>\n<\/div>\n<\/li>\n<li>\n<div class=\"list-detail\">\n<p><strong>Motor<\/strong>L4 &#8211; TURBO DIESEL INTERCOOLER<\/p>\n<\/div>\n<\/li>\n<li>\n<div class=\"list-detail\">\n<p><strong>Cilindraje<\/strong>2000<\/p>\n<\/div>\n<\/li>\n<li>\n<div class=\"list-detail\">\n<p><strong>Transmisi\u00f3n<\/strong>MANUAL DE 6 VELOCIDADES + RETROCESO<\/p>\n<\/div>\n<\/li>\n<li>\n<div class=\"list-detail\">\n<p><strong>Combustible<\/strong>DIESEL<\/p>\n<\/div>\n<\/li>\n<\/ul>\n","protected":false},"excerpt":{"rendered":"<p>C\u00f3digoT8-PRO A\u00f1o2024 MotorL4 &#8211; TURBO DIESEL INTERCOOLER Cilindraje2000 Transmisi\u00f3nMANUAL DE 6 VELOCIDADES + RETROCESO CombustibleDIESEL<\/p>\n","protected":false},"featured_media":587,"comment_status":"open","ping_status":"closed","template":"","meta":{"_joinchat":[]},"product_brand":[],"product_cat":[29,25,38],"product_tag":[],"class_list":{"0":"post-586","1":"product","2":"type-product","3":"status-publish","4":"has-post-thumbnail","6":"product_cat-t8","7":"product_cat-jacmotors","8":"product_cat-livianacamiones","10":"first","11":"instock","12":"shipping-taxable","13":"purchasable","14":"product-type-simple"},"jetpack_sharing_enabled":true,"_links":{"self":[{"href":"https:\/\/cacmultimarca.com\/index.php\/wp-json\/wp\/v2\/product\/586"}],"collection":[{"href":"https:\/\/cacmultimarca.com\/index.php\/wp-json\/wp\/v2\/product"}],"about":[{"href":"https:\/\/cacmultimarca.com\/index.php\/wp-json\/wp\/v2\/types\/product"}],"replies":[{"embeddable":true,"href":"https:\/\/cacmultimarca.com\/index.php\/wp-json\/wp\/v2\/comments?post=586"}],"wp:featuredmedia":[{"embeddable":true,"href":"https:\/\/cacmultimarca.com\/index.php\/wp-json\/wp\/v2\/media\/587"}],"wp:attachment":[{"href":"https:\/\/cacmultimarca.com\/index.php\/wp-json\/wp\/v2\/media?parent=586"}],"wp:term":[{"taxonomy":"product_brand","embeddable":true,"href":"https:\/\/cacmultimarca.com\/index.php\/wp-json\/wp\/v2\/product_brand?post=586"},{"taxonomy":"product_cat","embeddable":true,"href":"https:\/\/cacmultimarca.com\/index.php\/wp-json\/wp\/v2\/product_cat?post=586"},{"taxonomy":"product_tag","embeddable":true,"href":"https:\/\/cacmultimarca.com\/index.php\/wp-json\/wp\/v2\/product_tag?post=586"}],"curies":[{"name":"wp","href":"https:\/\/api.w.org\/{rel}","templated":true}]}}